{"id":4635,"date":"2021-05-05T18:25:47","date_gmt":"2021-05-05T18:25:47","guid":{"rendered":"http:\/\/woloszynfotografia.pl\/sklep\/?post_type=product&#038;p=4635"},"modified":"2022-10-09T21:16:59","modified_gmt":"2022-10-09T21:16:59","slug":"drewniane-pudelko-na-zdjecia-15x23cm-pendrive","status":"publish","type":"product","link":"https:\/\/woloszynfotografia.pl\/sklep\/?product=drewniane-pudelko-na-zdjecia-15x23cm-pendrive","title":{"rendered":"Drewniane pude\u0142ko na zdj\u0119cia (15x23cm) + pendrive"},"content":{"rendered":"","protected":false},"excerpt":{"rendered":"<p>Drewniane personalizowane pude\u0142ko na zdj\u0119cia w formacie 15&#215;23 cm + pendrive ga\u0142\u0105zka 16GB<\/p>\n<p>Pude\u0142ko pomie\u015bci oko\u0142o 120 wydrukowanych zdj\u0119\u0107.<\/p>\n<p>&nbsp;<\/p>\n","protected":false},"featured_media":4637,"comment_status":"open","ping_status":"closed","template":"","meta":{"_editorskit_title_hidden":false,"_editorskit_reading_time":1,"_editorskit_is_block_options_detached":false,"_editorskit_block_options_position":"{}"},"product_brand":[],"product_cat":[19],"product_tag":[],"class_list":{"0":"post-4635","1":"product","2":"type-product","3":"status-publish","4":"has-post-thumbnail","6":"product_cat-pudelka-pendrivy","8":"first","9":"onbackorder","10":"shipping-taxable","11":"purchasable","12":"product-type-simple"},"jetpack_sharing_enabled":true,"_links":{"self":[{"href":"https:\/\/woloszynfotografia.pl\/sklep\/index.php?rest_route=\/wp\/v2\/product\/4635","targetHints":{"allow":["GET"]}}],"collection":[{"href":"https:\/\/woloszynfotografia.pl\/sklep\/index.php?rest_route=\/wp\/v2\/product"}],"about":[{"href":"https:\/\/woloszynfotografia.pl\/sklep\/index.php?rest_route=\/wp\/v2\/types\/product"}],"replies":[{"embeddable":true,"href":"https:\/\/woloszynfotografia.pl\/sklep\/index.php?rest_route=%2Fwp%2Fv2%2Fcomments&post=4635"}],"wp:featuredmedia":[{"embeddable":true,"href":"https:\/\/woloszynfotografia.pl\/sklep\/index.php?rest_route=\/wp\/v2\/media\/4637"}],"wp:attachment":[{"href":"https:\/\/woloszynfotografia.pl\/sklep\/index.php?rest_route=%2Fwp%2Fv2%2Fmedia&parent=4635"}],"wp:term":[{"taxonomy":"product_brand","embeddable":true,"href":"https:\/\/woloszynfotografia.pl\/sklep\/index.php?rest_route=%2Fwp%2Fv2%2Fproduct_brand&post=4635"},{"taxonomy":"product_cat","embeddable":true,"href":"https:\/\/woloszynfotografia.pl\/sklep\/index.php?rest_route=%2Fwp%2Fv2%2Fproduct_cat&post=4635"},{"taxonomy":"product_tag","embeddable":true,"href":"https:\/\/woloszynfotografia.pl\/sklep\/index.php?rest_route=%2Fwp%2Fv2%2Fproduct_tag&post=4635"}],"curies":[{"name":"wp","href":"https:\/\/api.w.org\/{rel}","templated":true}]}}